vert -1 (base 11) to base 8.
-1
Convert -da (base 15) to base 3.
-21121
13 (base 9) to base 11
11
145 (base 6) to base 13
50
-40 (base 7) to base 13
-22
What is 1 (base 11) in base 14?
1
0 (base 8) to base 5
0
What is -36 (base 16) in base 5?
-204
What is -6 (base 14) in base 16?
-6
Convert -18 (base 15) to base 13.
-1a
36 (base 11) to base 9
43
What is 0 (base 9) in base 10?
0
What is 11 (base 10) in base 3?
102
Convert 3 (base 9) to base 13.
3
What is -2 (base 12) in base 2?
-10
Convert 0 (base 7) to base 15.
0
What is 314 (base 5) in base 14?
60
-7 (base 15) to base 16
-7
What is 3 (base 9) in base 15?
3
Convert -3 (base 11) to base 8.
-3
-31 (base 13) to base 12
-34
Convert -31 (base 4) to base 10.
-13
Convert -15 (base 15) to base 4.
-110
-151 (base 6) to base 5
-232
What is -3 (base 6) in base 13?
-3
Convert 67 (base 10) to base 4.
1003
-1 (base 4) to base 6
-1
Convert 3 (base 15) to base 7.
3
1020 (base 4) to base 6
200
What is -2213 (base 4) in base 14?
-bd
0 (base 8) to base 13
0
7 (base 10) to base 13
7
What is 50 (base 10) in base 9?
55
22 (base 5) to base 10
12
Convert 9 (base 13) to base 2.
1001
What is -1 (base 8) in base 15?
-1
Convert -45 (base 11) to base 13.
-3a
What is -2 (base 3) in base 9?
-2
10 (base 6) to base 5
11
Convert 0 (base 8) to base 15.
0
Convert -200 (base 3) to base 4.
-102
What is 220 (base 7) in base 13?
88
Convert -2 (base 4) to base 14.
-2
-10 (base 9) to base 11
-9
What is 1 (base 14) in base 13?
1
Convert -10 (base 11) to base 4.
-23
0 (base 15) to base 5
0
-13 (base 4) to base 15
-7
-1a (base 16) to base 12
-22
Convert -52 (base 8) to base 13.
-33
Convert 127 (base 10) to base 15.
87
5 (base 6) to base 15
5
21 (base 3) to base 12
7
What is 3 (base 7) in base 16?
3
What is 20 (base 4) in base 13?
8
1 (base 10) to base 4
1
Convert -b (base 15) to base 8.
-13
132 (base 5) to base 12
36
What is -18 (base 10) in base 5?
-33
What is -92 (base 16) in base 7?
-266
Convert -ae (base 15) to base 9.
-202
4 (base 16) to base 3
11
What is 53 (base 9) in base 6?
120
Convert a (base 14) to base 2.
1010
-3 (base 5) to base 9
-3
Convert 3 (base 8) to base 4.
3
Convert -1 (base 14) to base 16.
-1
-73 (base 8) to base 14
-43
Convert -13 (base 9) to base 12.
-10
Convert -5 (base 7) to base 10.
-5
What is 13 (base 8) in base 10?
11
-45 (base 8) to base 10
-37
Convert -1212 (base 3) to base 4.
-302
-1 (base 6) to base 15
-1
What is 4 (base 7) in base 14?
4
What is -8 (base 9) in base 3?
-22
Convert 435 (base 6) to base 15.
b2
What is 9 (base 16) in base 11?
9
-73 (base 14) to base 4
-1211
Convert -1 (base 7) to base 14.
-1
1223 (base 4) to base 10
107
What is 104 (base 8) in base 9?
75
-111 (base 3) to base 2
-1101
Convert -10 (base 12) to base 8.
-14
What is 3 (base 14) in base 3?
10
221 (base 3) to base 14
1b
Convert 10 (base 11) to base 10.
11
Convert -1 (base 2) to base 12.
-1
What is 0 (base 14) in base 7?
0
2 (base 11) to base 4
2
0 (base 7) to base 6
0
Convert 1100 (base 2) to base 14.
c
Convert 341 (base 6) to base 10.
133
Convert -10101 (base 2) to base 8.
-25
What is -3 (base 5) in base 13?
-3
What is 0 (base 11) in base 2?
0
What is -129 (base 12) in base 9?
-216
Convert -17 (base 13) to base 8.
-24
Convert 1 (base 9) to base 11.
1
Convert 4 (base 16) to base 9.
4
Convert 110 (base 3) to base 2.
1100
Convert 1111 (base 4) to base 10.
85
What is -112 (base 3) in base 7?
-20
What is -23 (base 4) in base 10?
-11
Convert -29 (base 14) to base 11.
-34
Convert -1 (base 12) to base 9.
-1
Convert -b4 (base 14) to base 15.
-a8
11100 (base 2) to base 3
1001
Convert -2 (base 8) to base 15.
-2
28 (base 16) to base 10
40
Convert 1303 (base 4) to base 9.
137
Convert 123 (base 4) to base 3.
1000
What is 100021 (base 3) in base 5?
2000
Convert -1 (base 2) to base 15.
-1
-40 (base 16) to base 12
-54
1131 (base 5) to base 12
11a
-20 (base 4) to base 2
-1000
Convert 3 (base 9) to base 2.
11
Convert 41 (base 9) to base 14.
29
What is 10 (base 4) in base 8?
4
-8 (base 16) to base 6
-12
What is 60 (base 7) in base 8?
52
Convert -3 (base 9) to base 7.
-3
What is 11101 (base 2) in base 3?
1002
What is -8 (base 14) in base 13?
-8
What is -162 (base 7) in base 8?
-135
What is -1 (base 5) in base 2?
-1
Convert -5 (base 10) to base 16.
-5
Convert -5 (base 7) to base 10.
-5
What is f (base 16) in base 12?
13
Convert 68 (base 11) to base 2.
1001010
What is -15 (base 7) in base 3?
-110
What is -30 (base 10) in base 4?
-132
What is 244 (base 9) in base 14?
106
Convert 10 (base 3) to base 7.
3
What is 73 (base 10) in base 8?
111
-112 (base 12) to base 14
-b4
-111 (base 4) to base 11
-1a
Convert -1 (base 6) to base 13.
-1
What is 164 (base 11) in base 13?
119
What is -124 (base 14) in base 10?
-228
7c (base 16) to base 12
a4
21 (base 7) to base 10
15
Convert 16 (base 10) to base 14.
12
What is -47 (base 9) in base 11?
-3a
What is 0 (base 12) in base 15?
0
Convert 4 (base 9) to base 12.
4
Convert 4 (base 12) to base 6.
4
What is -1011001 (base 2) in base 11?
-81
Convert -31 (base 4) to base 7.
-16
-12 (base 5) to base 3
-21
Convert 0 (base 6) to base 5.
0
What is 62 (base 10) in base 6?
142
Convert -1 (base 14) to base 8.
-1
34 (base 15) to base 13
3a
Convert -3 (base 10) to base 16.
-3
What is 7 (base 8) in base 16?
7
-120 (base 8) to base 15
-55
Convert 13 (base 12) to base 9.
16
What is 0 (base 8) in base 10?
0
Convert 74 (base 14) to base 16.
66
3 (base 7) to base 4
3
What is a (base 15) in base 14?
a
What is 2 (base 8) in base 12?
2
103 (base 13) to base 8
254
Convert 48 (base 13) to base 2.
111100
-220 (base 3) to base 9
-26
d (base 16) to base 13
10
Convert -3 (base 15) to base 5.
-3
5 (base 10) to base 16
5
2 (base 12) to base 2
10
Convert -21 (base 4) to base 8.
-11
54 (base 8) to base 16
2c
2 (base 15) to base 7
2
Convert -4 (base 10) to base 11.
-4
What is -4 (base 10) in base 15?
-4
What is 43 (base 15) in base 3?
2100
What is -145 (base 9) in base 12?
-a2
110 (base 3) to base 2
1100
What is 2 (base 13) in base 4?
2
Convert -11 (base 14) to base 9.
-16
5 (base 6) to base 11
5
Convert 455 (base 6) to base 3.
20122
What is -14 (base 6) in base 7?
-13
What is -a2 (base 13) in base 8?
-204
-11 (base 3) to base 4
-10
-46 (base 8) to base 10
-38
-7 (base 15) to base 10
-7
Convert 100 (base 2) to base 7.
4
What is -28 (base 13) in base 4?
-202
What is 1 (base 11) in base 12?
1
What is -160 (base 10) in base 8?
-240
What is 26 (base 8) in base 9?
24
What is -c (base 13) in base 2?
-1100
Convert -100000010 (base 2) to base 4.
-10002
Convert -331 (base 4) to base 7.
-115
Convert -1 (base 15) to base 11.
-1
What is 0 (base 12) in base 7?
0
-2000 (base 4) to base 11
-107
Convert 4 (base 14) to base 16.
4
What is 4 (base 14) in base 11?
4
23 (base 8) to base 6
31
What is -3133 (base 4) in base 9?
-267
What is 3 (base 13) in base 14?
3
Convert -346 (base 7) to base 2.
-10110101
What is -3 (base 8) in base 7?
-3
Convert 3 (base 12) to base 14.
3
-4 (base 16) to base 9
-4
-20 (base 13) to base 4
-122
82 (base 9) to base 6
202
-e7 (base 15) to base 7
-430
Convert 21 (base 4) to base 9.
10
What is 21 (base 7) in base 13?
12
-34 (base 8) to base 15
-1d
Convert -15 (base 9) to base 10.
-14
Convert -a (base 13) to base 3.
-101
Convert -3 (base 5) to base 9.
-3
301 (base 5) to base 14
56
-3 (base 6) to base 12
-3
-3 (base 9) to base 4
-3
Convert -10 (base 9) to base 11.
-9
-67 (base 12) to base 14
-59
Convert -171 (base 8) to base 14.
-89
Convert 21 (base 4) to base 9.
10
Convert 11 (base 2) to base 8.
3
67 (base 8) to base 2
110111
Convert -100 (base 8) to base 13.
-4c
What is -5 (base 7) in base 3?
-12
6 (base 15) to base 13
6
-1 (base 4) to base 8
-1
What is -4 (base 6) in base 11?
-4
Convert -8 (base 9) to base 4.
-20
Convert 175 (base 9) to base 3.
12112
-142 (base 9) to base 11
-a9
0 (base 8) to base 9
0
Convert 30 (base 4) to base 14.
c
Convert -101 (base 2) to base 9.
-5
10300 (base 4) to base 10
304
What is 27 (base 14) in base 8?
43
Convert 8a (base 15) to base 3.
11211
Convert -10 (base 2) to base 6.
-2
What is 10 (base 6) in base 9?
6
64 (base 13) to base 12
6a
111101 (base 2) to base 8
75
What is 29 (base 15) in base 11?
36
-1330 (base 5) to base 13
-137
54 (base 7) to base 4
213
-37 (base 11) to base 9
-44
3b (base 14) to base 8
65
2 (base